{"id":240,"date":"2018-07-15T12:05:55","date_gmt":"2018-07-15T15:05:55","guid":{"rendered":"http:\/\/agenciadotline.com\/?page_id=240"},"modified":"2022-06-20T23:21:50","modified_gmt":"2022-06-21T02:21:50","slug":"servicos","status":"publish","type":"page","link":"https:\/\/agenciadotline.com\/index.php\/servicos\/","title":{"rendered":"Servi\u00e7os"},"content":{"rendered":"<p>[et_pb_section fb_built=&#8221;1&#8243; fullwidth=&#8221;on&#8221; _builder_version=&#8221;3.10&#8243;][et_pb_fullwidth_header title=&#8221;Nossos servicos&#8221; _builder_version=&#8221;3.10&#8243; title_font=&#8221;|700||on|||||&#8221; title_font_size=&#8221;72px&#8221; background_color=&#8221;rgba(0,0,0,0.55)&#8221; background_image=&#8221;http:\/\/agenciadotline.com\/wp-content\/uploads\/2018\/07\/imac-with-coofee-1.jpg&#8221;][\/et_pb_fullwidth_header][\/et_pb_section][et_pb_section fb_built=&#8221;1&#8243; _builder_version=&#8221;3.10&#8243;][et_pb_row make_fullwidth=&#8221;on&#8221; use_custom_gutter=&#8221;on&#8221; make_equal=&#8221;on&#8221; _builder_version=&#8221;3.10&#8243;][et_pb_column type=&#8221;1_2&#8243; _builder_version=&#8221;3.10&#8243; parallax=&#8221;off&#8221; parallax_method=&#8221;on&#8221;][et_pb_text _builder_version=&#8221;3.10&#8243;]<\/p>\n<h3 style=\"text-align: center;\">Veicula\u00e7\u00e3o de M\u00eddias<\/h3>\n<p>Um plano de m\u00eddia bem-sucedido \u00e9 a coloca\u00e7\u00e3o da sua marca\/mensagem no lugar certo, na hora certa e tem como objetivo entregar uma mensagem ao p\u00fablico-alvo quando ele est\u00e1 mais propenso a receb\u00ea-la. Nossa equipe se esmera na negocia\u00e7\u00e3o de parcerias de m\u00eddia em nome da sua causa, para levar a sua mensagem adiante usando todas as plataformas dispon\u00edveis, tais como: r\u00e1dio, tv, outdoors, backbus, empenas, bancas, pain\u00e9is eletr\u00f4nicos, jornais, revistas entre outros.<\/p>\n<p>[\/et_pb_text][\/et_pb_column][et_pb_column type=&#8221;1_2&#8243; _builder_version=&#8221;3.10&#8243; parallax=&#8221;off&#8221; parallax_method=&#8221;on&#8221;][et_pb_text _builder_version=&#8221;3.10&#8243;]<\/p>\n<h3 style=\"text-align: center;\">Campanhas Publicit\u00e1rias<\/h3>\n<p>Uma campanha publicit\u00e1ria \u00e9 normalmente transmitida atrav\u00e9s de v\u00e1rios canais de m\u00eddia, podendo se concentrar em um tema comum e marcas ou produtos, ou ser dirigida para um determinado segmento da popula\u00e7\u00e3o. Campanhas publicit\u00e1rias de sucesso tem que ter um conceito desenvolvido de modo a alcan\u00e7ar muito mais do que uma publicidade espor\u00e1dica, podendo colher resultados por semanas, meses e anos.<\/p>\n<p>[\/et_pb_text][\/et_pb_column][\/et_pb_row][et_pb_row make_fullwidth=&#8221;on&#8221; use_custom_gutter=&#8221;on&#8221; make_equal=&#8221;on&#8221; _builder_version=&#8221;3.10&#8243;][et_pb_column type=&#8221;1_2&#8243; _builder_version=&#8221;3.10&#8243; parallax=&#8221;off&#8221; parallax_method=&#8221;on&#8221;][et_pb_text _builder_version=&#8221;3.10&#8243;]<\/p>\n<h3 style=\"text-align: center;\">Sites Institucionais e landing pages<\/h3>\n<p style=\"text-align: left;\">O mercado local e global ao seu alcance. Nossa linha de trabalho combina a alta funcionalidade dos websites com um toque art\u00edstico a sua p\u00e1gina na web, proporcionando ao usu\u00e1rio final uma melhor intera\u00e7\u00e3o com sua empresa na web. Independentemente se voc\u00ea precisa de uma marcante presen\u00e7a on-line, uma landing page que seja atrativa ao usu\u00e1rio, ou algo para dar vida \u00e0s suas ideias, oferecemos solu\u00e7\u00f5es customizadas para cada ramo de neg\u00f3cios e de acordo com o seu or\u00e7amento.<\/p>\n<p>[\/et_pb_text][\/et_pb_column][et_pb_column type=&#8221;1_2&#8243; _builder_version=&#8221;3.10&#8243; parallax=&#8221;off&#8221; parallax_method=&#8221;on&#8221;][et_pb_text _builder_version=&#8221;3.10&#8243;]<\/p>\n<h3 style=\"text-align: center;\">Identidade Visual e Design Gr\u00e1fico<\/h3>\n<p>Uma identidade visual efetiva \u00e9 fundamental para que suas ideias, marca, servi\u00e7os ou produtos tenham um forte apelo ao seu p\u00fablico-alvo, e necessariamente deve refletir a sua imagem. Oferecemos uma vasta gama de servi\u00e7os de design de identidade visual e materiais de suporte, com o intuito de refor\u00e7ar a presen\u00e7a da sua marca no mercado e gerar a melhor impress\u00e3o nos seus usu\u00e1rios. E visando, acima de tudo, que a sua informa\u00e7\u00e3o chegue ao seu p\u00fablico de forma direta e impactante.<\/p>\n<p>[\/et_pb_text][\/et_pb_column][\/et_pb_row][et_pb_row make_fullwidth=&#8221;on&#8221; use_custom_gutter=&#8221;on&#8221; make_equal=&#8221;on&#8221; _builder_version=&#8221;3.10&#8243;][et_pb_column type=&#8221;1_2&#8243; _builder_version=&#8221;3.10&#8243; parallax=&#8221;off&#8221; parallax_method=&#8221;on&#8221;][et_pb_text _builder_version=&#8221;3.10&#8243;]<\/p>\n<h3 style=\"text-align: center;\">OTIMIZA\u00c7\u00c3O DE BUSCA ON-LINE (SEO)<\/h3>\n<p>Otimiza\u00e7\u00e3o de websites \u00e9 o processo que, atrav\u00e9s de estrat\u00e9gias e codifica\u00e7\u00e3o, tem como objetivo melhorar o posicionamento de uma p\u00e1gina nas ferramentas de pesquisa. Combinar SEO (Search Engine Optimization &#8211; Otimiza\u00e7\u00e3o de Ferramentas de Pesquisa) e Web Design \u00e9 um grande desafio, pois envolve intera\u00e7\u00f5es constantes entre o design, o conte\u00fado, a programa\u00e7\u00e3o, a comercializa\u00e7\u00e3o e as t\u00e9cnicas de otimiza\u00e7\u00e3o. Para isso utilizamos t\u00e9cnicas para que seu site seja cada vez mais bem posicionado organicamente nos sites de buscas.<\/p>\n<p>[\/et_pb_text][\/et_pb_column][et_pb_column type=&#8221;1_2&#8243; _builder_version=&#8221;3.10&#8243; parallax=&#8221;off&#8221; parallax_method=&#8221;on&#8221;][et_pb_text _builder_version=&#8221;3.10&#8243;]<\/p>\n<h3 style=\"text-align: center;\">PRODU\u00c7\u00c3O GR\u00c1FICA<\/h3>\n<p>A ag\u00eancia iniciou em 1998 com um forte agenciamento de produtos gr\u00e1ficos off-line. Os seus s\u00f3cios possuem forma\u00e7\u00e3o e experi\u00eancia em todas as fases de produ\u00e7\u00e3o, possibilitando aos clientes um pre\u00e7o competitivo e total capacidade t\u00e9cnica para o preparo de arquivos bem como o acompanhamento da impress\u00e3o gr\u00e1fica. Isso significa para o cliente uma maior seguran\u00e7a no prazo e na qualidade dos produtos impressos.<\/p>\n<p>[\/et_pb_text][\/et_pb_column][\/et_pb_row][et_pb_row make_fullwidth=&#8221;on&#8221; use_custom_gutter=&#8221;on&#8221; make_equal=&#8221;on&#8221; _builder_version=&#8221;3.10&#8243;][et_pb_column type=&#8221;1_2&#8243; _builder_version=&#8221;3.10&#8243; parallax=&#8221;off&#8221; parallax_method=&#8221;on&#8221;][et_pb_text _builder_version=&#8221;3.10&#8243;]<\/p>\n<h3 style=\"text-align: center;\">TR\u00c1FEGO PAGO<\/h3>\n<p>Muitas das vezes para que as suas informa\u00e7\u00f5es tenham um posicionamento privilegiado em pesquisas nos sites de buscas e nas redes sociais faz-se necess\u00e1rio uma gest\u00e3o da veicula\u00e7\u00e3o de an\u00fancios destaques para que tais plataformas apresentem o seu conte\u00fado de forma efetiva e competitiva na internet. A DotLine executa a gest\u00e3o de tr\u00e1fego criando campanhas e an\u00fancios, definindo o p\u00fablico para o qual referido conte\u00fado ser\u00e1 apresentado, para que resultados sejam gerados. Essa \u00e9 a fun\u00e7\u00e3o da gest\u00e3o de tr\u00e1fego pago, atividade em extremo crescimento no mundo do marketing digital.<\/p>\n<p>[\/et_pb_text][\/et_pb_column][et_pb_column type=&#8221;1_2&#8243; _builder_version=&#8221;3.10&#8243; parallax=&#8221;off&#8221; parallax_method=&#8221;on&#8221;][et_pb_text _builder_version=&#8221;3.10&#8243;]<\/p>\n<h3 style=\"text-align: center;\">Gest\u00e3o de M\u00eddias Sociais<\/h3>\n<p>H\u00e1 uma express\u00e3o mais na moda do que &#8220;rede social&#8221; nos \u00faltimos anos? Certamente algu\u00e9m j\u00e1 lhe disse que voc\u00ea tem que participar dela por causa do seu neg\u00f3cio. Temos certeza de que voc\u00ea entende a import\u00e2ncia e o potencial dessa participa\u00e7\u00e3o. Mas encontrar tempo para, adequadamente, tra\u00e7ar estrat\u00e9gias e seus esfor\u00e7os de marketing de m\u00eddia social \u00e9 o seu maior desafio. N\u00f3s entendemos esse desafio. Lidamos com o gerenciamento de m\u00eddia social do seu neg\u00f3cio e voc\u00ea volta a fazer o que voc\u00ea faz melhor \u2013 administrar a sua empresa.<\/p>\n<p>[\/et_pb_text][\/et_pb_column][\/et_pb_row][\/et_pb_section]<\/p>\n","protected":false},"excerpt":{"rendered":"<p>[et_pb_section fb_built=&#8221;1&#8243; fullwidth=&#8221;on&#8221; _builder_version=&#8221;3.10&#8243;][et_pb_fullwidth_header title=&#8221;Nossos servicos&#8221; _builder_version=&#8221;3.10&#8243; title_font=&#8221;|700||on|||||&#8221; title_font_size=&#8221;72px&#8221; background_color=&#8221;rgba(0,0,0,0.55)&#8221; background_image=&#8221;http:\/\/agenciadotline.com\/wp-content\/uploads\/2018\/07\/imac-with-coofee-1.jpg&#8221;][\/et_pb_fullwidth_header][\/et_pb_section][et_pb_section fb_built=&#8221;1&#8243; _builder_version=&#8221;3.10&#8243;][et_pb_row make_fullwidth=&#8221;on&#8221; use_custom_gutter=&#8221;on&#8221; make_equal=&#8221;on&#8221; _builder_version=&#8221;3.10&#8243;][et_pb_column type=&#8221;1_2&#8243; _builder_version=&#8221;3.10&#8243; parallax=&#8221;off&#8221; parallax_method=&#8221;on&#8221;][et_pb_text _builder_version=&#8221;3.10&#8243;] Veicula\u00e7\u00e3o de M\u00eddias Um plano de m\u00eddia bem-sucedido \u00e9 a coloca\u00e7\u00e3o da sua marca\/mensagem no lugar certo, na hora certa e tem como objetivo entregar uma mensagem ao p\u00fablico-alvo quando ele est\u00e1 mais [&hellip;]<\/p>\n","protected":false},"author":1,"featured_media":0,"parent":0,"menu_order":0,"comment_status":"closed","ping_status":"closed","template":"","meta":{"_monsterinsights_skip_tracking":false,"_monsterinsights_sitenote_active":false,"_monsterinsights_sitenote_note":"","_monsterinsights_sitenote_category":0},"_links":{"self":[{"href":"https:\/\/agenciadotline.com\/index.php\/wp-json\/wp\/v2\/pages\/240"}],"collection":[{"href":"https:\/\/agenciadotline.com\/index.php\/wp-json\/wp\/v2\/pages"}],"about":[{"href":"https:\/\/agenciadotline.com\/index.php\/wp-json\/wp\/v2\/types\/page"}],"author":[{"embeddable":true,"href":"https:\/\/agenciadotline.com\/index.php\/wp-json\/wp\/v2\/users\/1"}],"replies":[{"embeddable":true,"href":"https:\/\/agenciadotline.com\/index.php\/wp-json\/wp\/v2\/comments?post=240"}],"version-history":[{"count":22,"href":"https:\/\/agenciadotline.com\/index.php\/wp-json\/wp\/v2\/pages\/240\/revisions"}],"predecessor-version":[{"id":6625,"href":"https:\/\/agenciadotline.com\/index.php\/wp-json\/wp\/v2\/pages\/240\/revisions\/6625"}],"wp:attachment":[{"href":"https:\/\/agenciadotline.com\/index.php\/wp-json\/wp\/v2\/media?parent=240"}],"curies":[{"name":"wp","href":"https:\/\/api.w.org\/{rel}","templated":true}]}}